se
Let w(r) = 12*r**2 - 2*r - 4. Let l(b) = b. Let j(h) = 4*l(h) + w(h). Let c be j(3). Let m = c - 45. Is m a prime number?
False
Let o(v) = -v + 16. Let h be o(17). Is (-414)/(-12) + h/(-2) a prime number?
False
Let d(y) = 33*y + 1. Suppose 0*q - 3*q + 3 = 0. Is d(q) prime?
False
Let c = 10 - 17. Let k(i) = 2*i**2 + 10*i + 5. Is k(c) a prime number?
False
Let u(p) = -2*p - 14. Let k be u(-6). Let a be 2/7 + (-116)/14. Let b = k - a. Is b a prime number?
False
Let i be (-535)/(-2) + 3/(-2). Let s = i + -107. Is s a prime number?
False
Let z(y) = 12*y - 5. Is z(7) a composite number?
False
Let n = 79 - 41. Is n prime?
False
Let r = -22 - -2660. Is r prime?
False
Is 50/(-75) + (1 - 3572/(-3)) a prime number?
False
Let t = 3 - 2. Let i be (t - -29)/(3/(-2)). Is 3/(-4)*i/1 composite?
True
Is (-12876)/(-8)*(-2)/(-3) composite?
True
Let u(n) = 3*n**2 + 7*n - 9. Is u(-14) a composite number?
True
Suppose -3*h + h = -134. Let f = 40 - 88. Let w = h + f. Is w prime?
True
Is ((-2)/6)/((-7)/819) a composite number?
True
Suppose 4*r + 2*i - 12 = -i, 0 = 4*r + 2*i - 16. Is r/3*188/8 a prime number?
True
Let r(w) = -w**2 - w - 1. Let d be r(-1). Is 40/12 - d/(-3) a prime number?
True
Let a be ((-4)/(-12))/(1/309). Suppose 0 = 5*b - 5*u - 25, 4*b + 4*u = 2*b - 20. Suppose b = -y - 14 + a. Is y a prime number?
True
Let c(z) = 3*z**2 + 8*z**2 - 6 + 2*z**2 - z**3 - 5 + 2*z. Is c(9) a prime number?
True
Is ((-276)/(-21))/((-2)/(-7)) composite?
True
Let v(t) = -t**2 - 9*t. Let x be v(-9). Suppose 8 = -2*a - x, 4*l - 196 = 3*a. Is l prime?
False
Suppose 0 = m - 1 - 0. Let y = 5 - m. Is y prime?
False
Let y(w) = -97*w. Let u be y(1). Let b = -66 - u. Is b prime?
True
Let o(z) = -z**3 - 5*z**2 - 3. Let g be o(-6). Let w = g - 19. Suppose i - w = -i. Is i prime?
True
Let x = -688 + 1716. Suppose -5*s - 3*h = -1285, -x = -2*s - 2*s - 3*h. Is s a composite number?
False
Let g(d) = -3*d**3 - d**2 + 3*d - 4. Let h be (-3)/(-5)*(3 + 2). Suppose 4 = h*j + 13. Is g(j) a prime number?
True
Let r(b) = 176*b**3 - 2*b**2 - 2*b + 1. Let i be r(2). Let s = i - 718. Is s prime?
False
Let n = 0 - 4. Let c(w) = 20*w + 1. Let i(t) = 20*t + 2. Let q(x) = n*i(x) + 5*c(x). Is q(2) prime?
True
Is (1 - 3)/((-8)/76) a composite number?
False
Suppose 2*w = -2*w - 3*b + 2, 0 = -b - 2. Suppose 2*a = 2*g + 1136, 0*a = 4*a + w*g - 2302. Is a a prime number?
False
Let j(n) be the first derivative of n**2/2 - 11*n - 2. Let h be j(9). Is (-2)/h - (-240)/5 a prime number?
False
Let n(d) = -2*d**3 - 2*d**2 + 2*d + 3. Let l be n(-2). Is 2/l + 20325/35 a composite number?
True
Suppose -n = 5*d - 829, -2*d - 17 = -5*n - 354. Suppose 3*h = h + d. Is h a composite number?
False
Suppose j - 61 - 50 = 0. Is j a prime number?
False
Suppose -6 - 15 = -3*n. Suppose n = 2*q - 67. Is q a prime number?
True
Suppose -40*z + 43*z - 5133 = 0. Is z prime?
False
Let x(f) be the second derivative of -23*f**3/6 - 11*f**2/2 + 8*f. Is x(-6) composite?
False
Let a be -3*((-253)/(-3) + -1). Let v = a - -663. Is v composite?
True
Let m = 252 - 73. Is m prime?
True
Let n = -222 - -335. Is n a prime number?
True
Let l(i) = i**2 + 2*i - 1. Let v be l(2). Suppose -v*f + 3655 = -2*f. Is f a prime number?
False
Suppose 0*j + 4*j + 5*h - 13 = 0, 0 = -5*j + 2*h - 25. Is 1/j + (-1902)/(-9) composite?
False
Let i(m) = -34*m**3 - 3*m**2 - 2*m - 1. Is i(-2) prime?
True
Let u(y) = y**3 - 4*y**2 - 3*y - 3. Suppose -4*h + 23 + 21 = 0. Let c = -6 + h. Is u(c) prime?
True
Suppose -892 = -12*j + 8*j. Is j a composite number?
False
Let c(h) = 3*h**3 + 3*h**2 - h + 8. Let a(s) = s**2 - s + 1. Let l(d) = -5*a(d) + c(d). Is l(4) a composite number?
False
Is 1479 - 5/5*2 composite?
True
Let u = -187 - -1358. Is u composite?
False
Is (-4)/(-12) + (-8740)/(-6) prime?
False
Let x = -1 - 1. Let r be 92*(x - 1/(-1)). Is r/(-10) + (-2)/10 a prime number?
False
Suppose 0 = 2*s - 12*s + 670. Is s composite?
False
Suppose -138*p = -141*p + 28407. Is p composite?
True
Let n(j) = -28*j - 11. Let k be n(-9). Let i = k - -90. Is i composite?
False
Let w(m) = m**3 + 6*m**2 + 5*m + 1. Let t be w(-5). Is (-1 + (-374)/(-1))*t composite?
False
Suppose 4*k = -2101 + 7865. Is k a composite number?
True
Let b be 14*(-3 + 26/4). Suppose s = 6*s + c + 65, -c = 5. Let l = b + s. Is l prime?
True
Let g(p) = -9*p**2 - 49*p + 22. Let m(b) = -5*b**2 - 25*b + 11. Let o(v) = -6*g(v) + 11*m(v). Is o(16) prime?
True
Suppose c + 3*c - 342 = -k, 6 = 3*c. Is k a composite number?
True
Suppose 7*b = 2*b + 10. Suppose -b*g = -2*f + 48, -22 = -5*f - 5*g + 78. Is f composite?
True
Let y be -2 + (-4)/6*-3. Suppose -5 - 11 = -4*r. Suppose y = 4*b - 4, -f - b + 70 = r*b. Is f a prime number?
False
Is (-652)/10*15/(-6) a prime number?
True
Suppose -2*p = 2*p. Suppose p = -2*r + 147 + 11. Is r a composite number?
False
Let c be 976/18 + 2/(-9). Let d = c + -15. Is d prime?
False
Suppose -2*x + 4*o + 9 - 31 = 0, -x = -5*o + 26. Let j be (1 + -2)*(-3 - x). Suppose j*c - 188 = 3*y, -3*y + 4*y + 289 = 3*c. Is c a prime number?
True
Let k = -315 - -574. Is k prime?
False
Suppose -4*x + 159 = 19. Is x composite?
True
Let b(x) = -5*x**3 - 7*x**2 + 16*x + 35. Let d(f) = 2*f**3 + 2*f**2 - 5*f - 12. Let t(a) = -3*b(a) - 8*d(a). Is t(-8) a prime number?
True
Let m = 633 + -214. Is m a prime number?
True
Let w(p) = 64*p + 45. Is w(26) composite?
False
Let x = 3 - 14. Let w = 5 + x. Is 1/w + 340/24 a prime number?
False
Is (-1 + -1360)*(1 + -5)/4 prime?
True
Let s(y) = 390*y**3 - y + 2. Is s(1) a composite number?
True
Let o be 4/12 + 13/(-3). Let y be 10/(-14) + o/14. Is (-2)/(((-2)/(-4))/y) prime?
False
Let h(b) = 23*b + 12. Is h(5) a prime number?
True
Suppose 7186 = 2*d - 0*d. Is d a composite number?
False
Let b be 2 + (3 - 1)*-1. Suppose b = 2*r - 0*r - 680. Suppose -5*a - 75 + r = 0. Is a a composite number?
False
Let f be (-22)/(-4) + 1/2. Let k be (-3)/9 - f/9. Is -1 + 2 - 78/k composite?
False
Let o be -4 - (-4)/(-2) - -3. Is 1*(3 + 77 + o) composite?
True
Suppose -30*s + 32*s - 1402 = 0. Is s a composite number?
False
Let o = 1472 + -426. Is o a composite number?
True
Let o(p) = 3*p - 9. Let m be o(10). Suppose -9 - m = -5*n. Is n a prime number?
False
Suppose -2*p - 2*p = 4*d - 16, -2*d - 16 = -2*p. Let q(n) = -6*n**2 + 5*n + 2*n - 3 + 2*n**3 - n**3. Is q(p) a composite number?
True
Let w = 5 - 6. Is w/(-3)*(0 - -159) a prime number?
True
Let m(l) = 951*l**3 + 3*l**2 + l - 7. Is m(2) prime?
False
Let t(n) = -1 + 15*n + 3 + 0*n. Is t(5) prime?
False
Let j = 14 - 9. Let v(z) = -4*z**3 + 2*z**3 + 5*z**2 + 7 + 6*z + z**3. Is v(j) a composite number?
False
Let a be (-2)/(-1) + -1 + -1. Suppose -2*t + 0*t + 88 = a. Let g = t + -11. Is g prime?
False
Is 5*2 - (-8 - -4) a prime number?
False
Suppose -c - 2*c = 0. Let s = c + 3. Suppose 0 = w + 4, 5*t + 2*w - 179 = s*w. Is t a composite number?
True
Is ((-3)/(-6))/(1/514) a composite number?
False
Let m(p) = p**2 - 11*p + 7. Let n be m(5). Let t = 33 + n. Is t composite?
True
Let t be (-4)/14 - 1059/(-7). Let l = t + -84. Is l composite?
False
Suppose -10*i + 15 = -5*i. Suppose 0*f - 4*f + 105 = 3*p, p - i*f = 35. Is p a composite number?
True
Suppose -1 = 5*d - 16. Suppose 0 = 3*q - 3*i - 35 - 13, 12 = -d*i. Is (8/q)/(2/159) a prime number?
True
Let s be 0/(0 + (-3 - -2)). Suppose -2*a - 4*w + 3*w + 90 = s, a - 45 = -2*w. Is 2/(-9) - (-1495)/a a prime number?
False
Suppose 16*w - 30255 = w. Is w composite?
False
Suppose 0*f + 4*f = 8. Suppose -f*b = 2*b. Let r = 6 + b. Is r a composite number?
True
Is (-148)/(-16)*4*1 composite?
False
Let q = 1848 + 1261. Is q a composite number?
False
Let m(a) = -312*a + 11. Is m(-6) prime?
False
Let f(n) = -n**3 - 7*n**2 - 7*n - 7. Let h be f(-6). Let v = h - -1. Suppose -37 = -2*c - 2*a - 15, v = -c - 3*a + 15. Is c a prime number?
False
Suppose t + 4*k - 3*k = 10, -10 = -2*k. Suppose 0*q = -t*q + 1445. Is q a prime number?
False
Suppose -4*h - 20 = -4*a, -h = 3*a + h - 10. Suppose 0 = a*t + 5*d - 110, -4*d = 4*t - 0*d - 108. Is t a prime number?
False
Let n(l) = -l**3 + 8*l**2 + 11. Is n(8) a prime number?
True
Let c(b) = b**2 - 4*b + 2. Let p be c(4). Is (-9)/p*242/(-33) composite?
True
Let r = 1152 + -215. Is r composite?
False
Suppose -5*a - 5 = -3*d, -2*a = 5*d - a - 27. Suppose d*l = 357 + 158. Is l 